0. Let t(d) = -2 - 7*d + p + 0. What is the units digit of t(-4)?
4
Let y = -824 - -372. Let x = y + 743. What is the tens digit of x?
9
Let w(x) = -x**2 - 14*x + 15. Let f be w(-15). Let y = 52 + f. Suppose 3*s = 5*s - y. What is the tens digit of s?
2
Let o be 3 + 3/(-6) + (-6)/(-4). Suppose 10 = 5*h, -o*a - 5*h = 24 - 262. What is the units digit of a?
7
Let i(w) = -w + 8. Let v be i(6). Let c be (-546)/(-8) - (-18)/24. Suppose -c = -v*t - t. What is the units digit of t?
3
Let v(g) = g**3 + 19*g**2 + 12*g - 4. What is the units digit of v(-8)?
4
Let u(m) = 2*m**3 + 2*m - 4. Let d be u(4). Let t = -84 + d. What is the tens digit of t?
4
Let k be (-526)/(-10) + 22/55. Let x(c) = c**3 + 2*c**2 - 4. Let d be x(-4). Let u = k + d. What is the units digit of u?
7
Let s = -40 - -42. Suppose 4*f - 227 = -3*o, 224 + 58 = 5*f + s*o. What is the tens digit of f?
5
Suppose 3*j = 2*j + 186. Suppose -5*h + j = -3*h. What is the tens digit of h?
9
Let p be (3/(-9))/((-3)/1089). Suppose 3*d = -v + p, v - 85 = -5*d + 120. What is the tens digit of d?
4
Suppose 2*m - 59 = -4*q - m, -5*m = 3*q - 36. Let r = -21 + q. What is the units digit of -2 + 3 - (2 + r)?
3
Let p(w) = -49*w + 98. What is the units digit of p(-24)?
4
Suppose 2*j + 5*p - 89 + 345 = 0, 2*j - 2*p = -256. Let k = -21 - j. What is the tens digit of k?
0
Let o(g) = 23*g + 64. What is the tens digit of o(26)?
6
Suppose 73*u + 2265 = 76*u. What is the units digit of u?
5
Suppose 19*h = 24*h - 1130. What is the tens digit of h?
2
Let g be (-3)/18 + (-150)/(-36). Suppose -101 = -g*n + 39. What is the units digit of n?
5
Suppose -a + 2*a = 6. Let i(m) = 22*m - 14. What is the units digit of i(a)?
8
Let v = 105 + -99. Let g(b) = 3*b**2 - 5. Let k be g(5). Suppose k = h - v. What is the units digit of h?
6
Let n(w) = w**2 - 8. Suppose -2*b + 13 - 5 = 0. Suppose -16 + b = 2*x. What is the tens digit of n(x)?
2
Suppose -4*j - 4*v - 694 = -2170, j + 3*v = 367. What is the hundreds digit of j?
3
Suppose 12 = -r + 5*r - 4*o, o = -5*r + 9. Suppose -3 = -r*w + 3. What is the units digit of (w/(-6))/((-1)/142)?
1
Let u = -115 + 82. Let y = 60 + u. Let i = y + 36. What is the tens digit of i?
6
Suppose 0*c = 2*c + 12. Let w be (-2*1)/(c - -5). Suppose -x = -3*o - 7, -3*o = w*x - 0*o - 59. What is the tens digit of x?
2
What is the hundreds digit of ((-6690)/(-12))/(4 + 21/(-6))?
1
Let a(b) = b**3 + 6*b**2 - 4*b + 6. Let i be a(4). Suppose -3*y + 126 + 25 = -4*n, 3*n = 3*y - i. Suppose 186 = 5*o - y. What is the units digit of o?
7
Suppose 3090 = -13*i + 18*i. What is the tens digit of i?
1
What is the units digit of 17/68 + (-1822)/(-16)*10?
9
Let c(h) = -35 - 10*h + 9 + 8*h + 3*h. Let v be c(0). What is the units digit of 14320/208 + (-4)/v?
9
Suppose 10*z = 17*z. What is the units digit of 5 + z + (6 - 3)?
8
Let a = -239 - -2129. What is the thousands digit of a?
1
Let y be (14/2)/(1/(-1)). Let o(g) = g**3 + 6*g**2 - 6*g + 10. What is the units digit of o(y)?
3
Let c(l) = 36*l. Suppose h + 2*o = -9, 5*h - o = -0*o + 10. What is the tens digit of c(h)?
3
Let d be (-24)/10*5/(-2). What is the units digit of (-952)/(-9) + d/27?
6
Suppose 4*r = 5*o - 0*o + 468, 320 = 3*r + 4*o. Suppose 2*f - 152 = r. Suppose 17*a = 13*a + f. What is the units digit of a?
3
Suppose 0 = -3*j - 3, 2*u - 5 = -2*u + 5*j. Let f be u - (-2)/4*4. What is the units digit of (-1)/((-2)/156*f)?
9
Suppose 18*o + 1618 = 20*o. What is the units digit of o?
9
What is the thousands digit of 99900/84 - (6/(-7))/(-3)?
1
Let j(z) = z**3 - z**2 - 12*z + 7. What is the units digit of j(10)?
7
Suppose 4116 = -9*o + 2*o. What is the tens digit of o/8*(-2)/3?
4
Let h be (7 + -5)*(-2)/((-4)/11). Suppose -6*p + h*p = 210. What is the tens digit of p?
4
Let y(s) = 926*s + 482. What is the units digit of y(4)?
6
Let i(q) = -175*q - 99. What is the units digit of i(-5)?
6
Let p = 195 + -84. Let f = p - 47. What is the tens digit of f?
6
Let w = -112 + 331. What is the hundreds digit of w?
2
Suppose -4*g + 43 + 65 = 0. Let q be (-2)/(-6) - (-99)/g. Suppose 28 = q*y - 2*j, -3*j - 1 + 9 = 4*y. What is the units digit of y?
5
What is the units digit of 13557/3 - (49 + -53)?
3
Let y = 5549 - 2410. What is the units digit of y?
9
Suppose -3*m - 259 = -2*z - 0*z, -m - 385 = -3*z. Let g = -65 + z. What is the units digit of g?
3
Suppose -3*o = -7*o + 8, -v + 751 = 3*o. What is the tens digit of v?
4
Let b be (-73)/(18/(-120)*(-5)/(-6)). Suppose -b + 1599 = 5*v. What is the hundreds digit of v?
2
Suppose 3*j = 4*c + 230, c - j + 27 = -30. What is the units digit of 17/(-4) - 7/(-28) - c?
5
Let d = -9 - -4. Let k = d - -14. What is the units digit of 3/(k/(-22))*-3?
2
Suppose 13*d = 7202 + 46137. What is the hundreds digit of d?
1
Let w = -446 + 1658. What is the tens digit of w?
1
Let b(t) be the third derivative of -t**6/120 + 19*t**5/60 - 5*t**4/6 + 14*t**3/3 + 19*t**2. What is the hundreds digit of b(17)?
2
Let i(x) = 9*x - 15. Suppose -5*g - 24 = -8*g. What is the units digit of i(g)?
7
Let u(m) = 48*m + 38. What is the hundreds digit of u(15)?
7
Suppose -10*p - 788 = -12*p. What is the tens digit of p?
9
Suppose 7*w + 25 = 2*w, -2*x + 5*w + 1735 = 0. What is the tens digit of x?
5
Let y = 405 + -191. What is the units digit of y?
4
Let d = -729 + -1199. What is the tens digit of 18/(-117) + d/(-26)?
7
Let w = 10 + -6. Suppose 4*z + w*m - 8*m = 36, 5*z + 5*m = 85. What is the tens digit of z - ((-18)/(-3) + -3)?
1
Let l = 179 + -32. Suppose 2*i - l = 6*k - 3*k, -5*i - k = -410. What is the units digit of i?
1
Let z(o) = 3*o - 1. Let n be z(5). Let w = 13 - n. What is the units digit of (w - -3) + 57/3?
1
Let y(i) = -3*i - 6. Let o be y(-2). Suppose 2*x - 84 = 5*p - 433, o = 5*p - 3*x - 351. What is the tens digit of p?
6
Suppose -b - 9 = -r, -4*b - 4 = 4*r - 0*r. Suppose -4*y = 5*h - r*h - 96, 372 = 4*h + 4*y. What is the units digit of h?
2
What is the units digit of 3150/(-12)*(-24)/14 + 6?
6
What is the tens digit of 187 + 1 + (-4 - -7 - 4)?
8
Let y = 921 + -333. What is the hundreds digit of y?
5
Let m(r) be the third derivative of r**5/30 - 13*r**3/6 - 13*r**2. Let f = 40 - 34. What is the tens digit of m(f)?
5
Let r(t) = -100*t + 3499. What is the units digit of r(0)?
9
Suppose 0 = 4*x + 12, n + 0*x - 2*x - 6 = 0. Suppose 4*i = -n*i - 20. What is the units digit of -2 - -3 - (i - 1)?
7
Let z(q) be the second derivative of -q**3/6 + 17*q**2/2 + 11*q. Let x be z(5). Suppose 0*k = 4*a + 4*k + x, 0 = -5*a + k + 15. What is the units digit of a?
2
Let m be (6/10)/((-4)/(-20)). Suppose 0 = m*w - 6 - 3. Suppose w*d + 18 = 4*d. What is the units digit of d?
8
Let v(i) = -i + 3. Suppose 0 = -9*j + 4*j. Suppose j = -5*k + 3*k. What is the units digit of v(k)?
3
Let u(g) = 13*g**3 - g**2 + 2*g - 1. Let z be u(1). Let n = z + 37. What is the tens digit of n?
5
Let q(o) = -o**2 - 5*o + 7. Let h = -16 + 10. Let d be q(h). Suppose 3*l = -0*l - 5*m + 61, m + d = 0. What is the units digit of l?
2
Suppose -4*l - 2*s = -22, -3*s = 4*l - 9*l. Suppose -8 = l*k - 5*k, m - 105 = -k. What is the tens digit of m?
0
Let z be 1 - ((-572)/(-4) - 4). Let f = 199 + z. What is the units digit of f?
1
Suppose -3*n + 899 + 763 = 0. What is the tens digit of n?
5
Suppose -3*t + 2*r + 15 = -11, -2 = -r. Suppose -t*k + 9*k + 59 = 0. What is the units digit of k?
9
Suppose 30*r = 25*r + 15. Suppose 5*o = r*o + 46. What is the units digit of o?
3
Let i be 48/(-4)*8/(-12). Let w = i + 11. What is the tens digit of w?
1
Suppose 5*d + 3*r + 11 = 57, 0 = -d + 2*r + 4. Let x(b) = -b**3 + 10*b**2 + 2*b + 10. What is the hundreds digit of x(d)?
1
Let k(z) = -z**3 + 15*z**2 + 13*z + 18. What is the units digit of k(14)?
6
Suppose 0 = u + 2*u - 960. Suppose 5*q - r - u = 3*r, q - r - 64 = 0. What is the tens digit of q?
6
Let z = -247 + 410. What is the units digit of z?
3
Let v be 2*(-2 + 1)*-68. Let y = v - 49. What is the tens digit of y?
8
Suppose 5*f = a + 14 + 17, a = 3*f - 19. What is the tens digit of 397/5 + (-1)/((-10)/f)?
8
Let q be -1 + (0 - 0) + 4. Let a be 8/((6/q)/(-2)). Let x = -1 - a. What is the units digit of x?
7
What is the hundreds digit of (-3)/(-5) + 56196/90?
6
Let w = 793 - 125. What is the tens digit of w?
6
Let i(k) = -k - 4. Let f be i(-7). Suppose 3*o - 2*b - 34 = 0